2?
101111011011011
Convert 1260 (base 7) to base 9.
586
-133032 (base 8) to base 7
-252625
Convert -10221201 (base 3) to base 8.
-5501
Convert 2323 (base 7) to base 5.
11400
Convert 1011000 (base 2) to base 5.
323
Convert -204305 (base 6) to base 3.
-211200012
Convert 85a (base 11) to base 15.
48d
Convert 1015 (base 7) to base 15.
18a
Convert 1031 (base 5) to base 12.
b9
What is -1012d (base 15) in base 14?
-14793
-1052 (base 13) to base 7
-6413
Convert -3131102 (base 4) to base 16.
-3752
Convert -1123 (base 10) to base 14.
-5a3
Convert -1032233 (base 4) to base 8.
-11657
Convert 229 (base 10) to base 9.
274
Convert -1142200 (base 5) to base 8.
-52056
-10014 (base 5) to base 14
-334
Convert 2012303 (base 4) to base 7.
34103
-38b (base 16) to base 11
-755
-10111100110010 (base 2) to base 3
-121120111
What is -10562 (base 7) in base 12?
-1682
What is -201245 (base 6) in base 8?
-36775
What is -12492 (base 10) in base 15?
-3a7c
What is -24ac (base 14) in base 10?
-6424
What is 1221101 (base 3) in base 11?
1076
What is -26605 (base 8) in base 4?
-2312011
What is -684b (base 13) in base 11?
-aa70
508 (base 11) to base 6
2501
-2632 (base 7) to base 16
-3eb
-100110110011 (base 2) to base 11
-1958
What is 300430 (base 7) in base 2?
1100010111001110
What is -13310 (base 6) in base 12?
-1236
What is -15800 (base 11) in base 16?
-56f8
What is 189cc (base 13) in base 6?
1005230
What is -6a4 (base 16) in base 8?
-3244
What is -13723 (base 12) in base 11?
-19285
Convert 100011100110 (base 2) to base 10.
2278
What is -432121 (base 6) in base 11?
-24719
Convert 494 (base 13) to base 8.
1435
Convert 40581 (base 9) to base 2.
110100001100010
25404 (base 7) to base 11
5057
What is 8ccc (base 13) in base 9?
30108
10002201 (base 3) to base 4
203110
320 (base 12) to base 5
3311
-691 (base 16) to base 2
-11010010001
-1210201 (base 3) to base 7
-3556
Convert 20121 (base 3) to base 5.
1203
12113022 (base 4) to base 10
26058
What is -2253 (base 7) in base 13?
-4b3
-21200020 (base 3) to base 12
-32a3
110111101000 (base 2) to base 3
11212212
Convert 108 (base 14) to base 9.
246
547 (base 16) to base 4
111013
-4b63 (base 16) to base 11
-13555
Convert 8765 (base 11) to base 8.
26456
Convert -4310 (base 6) to base 3.
-1100020
Convert -3b1 (base 12) to base 5.
-4230
What is 1100101110 (base 2) in base 11?
680
What is 201110 (base 3) in base 16?
20d
106534 (base 7) to base 12
b0a7
What is -1b762 (base 14) in base 11?
-486aa
What is -1001101010001110 (base 2) in base 13?
-15017
3579 (base 12) to base 8
13555
Convert 6c3 (base 14) to base 16.
543
Convert -11100111 (base 2) to base 9.
-276
Convert -1122202 (base 4) to base 3.
-21221121
Convert -111111010001 (base 2) to base 9.
-5488
Convert 10445 (base 6) to base 9.
2012
What is -1461a (base 12) in base 11?
-1a490
440011 (base 5) to base 2
11101010011110
10a0 (base 11) to base 3
1222101
What is 55 (base 13) in base 16?
46
-1020121102 (base 3) to base 2
-101111110110100
Convert -10322031 (base 4) to base 11.
-14121
-307 (base 9) to base 6
-1054
Convert -d459 (base 14) to base 3.
-1212010011
3011 (base 4) to base 3
21022
What is -212330 (base 4) in base 15?
-b12
Convert 433044 (base 5) to base 14.
5554
What is 28 (base 11) in base 5?
110
What is -114c (base 16) in base 13?
-2028
-12203 (base 5) to base 11
-774
643 (base 8) to base 14
21d
12668 (base 9) to base 3
102202022
Convert -b293 (base 12) to base 7.
-110403
What is 2654 (base 10) in base 2?
101001011110
What is 102353 (base 8) in base 14?
c587
Convert 134244 (base 6) to base 12.
7384
What is -2a7 (base 14) in base 11?
-450
Convert 44433 (base 5) to base 6.
22234
What is a249 (base 11) in base 9?
20586
What is -10001110101 (base 2) in base 8?
-2165
What is 2402 (base 5) in base 16?
160
-746 (base 15) to base 14
-853
What is 60b (base 15) in base 2?
10101010001
91 (base 14) to base 9
151
What is 122451 (base 6) in base 2?
10101011011111
Convert -19c2 (base 13) to base 7.
-14205
Convert 101042 (base 5) to base 13.
1649
-21d7 (base 14) to base 13
-289a
What is 4515 (base 7) in base 12?
b39
-1431 (base 8) to base 3
-1002101
Convert 293 (base 11) to base 9.
422
3316 (base 8) to base 13
a40
-42500 (base 6) to base 16
-16a4
-787 (base 9) to base 11
-538
-764 (base 16) to base 3
-2121002
What is 614 (base 10) in base 4?
21212
What is 1335 (base 6) in base 5?
2342
Convert 4630 (base 9) to base 6.
23513
Convert 234 (base 10) to base 2.
11101010
What is 26365 (base 8) in base 11?
8713
What is 1613 (base 12) in base 3?
10120120
-29b (base 13) to base 14
-254
What is -100001022 (base 3) in base 6?
-50312
What is 766 (base 9) in base 13?
393
What is 11022222 (base 3) in base 14?
1218
1210120122 (base 3) to base 2
1000101001010110
110110101 (base 2) to base 14
233
What is -261155 (base 7) in base 10?
-48452
What is 421440 (base 5) in base 6?
144443
Convert 110111001001101 (base 2) to base 16.
6e4d
-47 (base 13) to base 7
-113
Convert a31 (base 13) to base 10.
1730
Convert d32 (base 15) to base 12.
1878
What is 2c (base 14) in base 7?
55
-6799 (base 13) to base 3
-201212201
What is 340201 (base 5) in base 7?
46525
-100101101011 (base 2) to base 11
-18a2
What is 16020 (base 8) in base 11?
5441
11924 (base 12) to base 7
126232
What is -110101101000 (base 2) in base 15?
-103c
What is 1105 (base 9) in base 2?
1100101111
What is -53a (base 14) in base 10?
-1032
What is -11177 (base 9) in base 7?
-30460
What is 1410123 (base 6) in base 8?
232403
Convert 8bb (base 14) to base 6.
12005
What is -26 (base 10) in base 6?
-42
What is d899 (base 14) in base 13?
14020
Convert -210112 (base 4) to base 13.
-109c
97f (base 16) to base 4
211333
What is 1055 (base 10) in base 15?
4a5
Convert -15b1 (base 13) to base 12.
-1a16
209 (base 13) to base 5
2342
-12054 (base 7) to base 3
-11021210
11144 (base 6) to base 13
943
What is -10144 (base 5) in base 3?
-220222
-115b5 (base 12) to base 7
-124664
What is 40624 (base 8) in base 14?
6192
Convert 175 (base 11) to base 5.
1303
What is 2011231 (base 4) in base 2?
10000101101101
Convert 704 (base 15) to base 10.
1579
Convert 11814 (base 12) to base 4.
11301100
Convert -2924 (base 16) to base 11.
-7a05
Convert -2276 (base 16) to base 7.
-34502
-1011010 (base 2) to base 10
-90
Convert -1223 (base 4) to base 8.
-153
50517 (base 8) to base 12
10067
Convert -13052 (base 9) to base 5.
-240140
-9412 (base 10) to base 5
-300122
-4033 (base 5) to base 11
-431
Convert 370 (base 11) to base 10.
440
-113 (base 8) to base 12
-63
Convert c9b (base 14) to base 6.
15305
Convert 2760 (base 9) to base 4.
200133
Convert -a893 (base 15) to base 8.
-105550
-187 (base 15) to base 2
-101100000
-2dc (base 15) to base 11
-548
Convert 1a9b (base 14) to base 13.
2285
Convert 1032 (base 7) to base 16.
16e
-145 (base 6) to base 7
-122
-8627 (base 9) to base 15
-1d2d
Convert -18 (base 10) to base 2.
-10010
Convert -1344 (base 6) to base 4.
-11200
30233 (base 4) to base 10
815
What is -24200 (base 5) in base 13?
-a86
Convert 2002 (base 6) to base 9.
532
Convert 27d (base 14) to base 4.
13313
112220212 (base 3) to base 7
43466
What is 200 (base 10) in base 5?
1300
-242 (base 13) to base 15
-1b2
What is -36b (base 12) in base 15?
-245
-401225 (base 6) to base 15
-948e
-40114 (base 7) to base 3
-111020221
What is -1001011110 (base 2) in base 14?
-314
82 (base 9) to base 10
74
Convert -11346 (base 7) to base 3.
-11000100
Convert -21606 (base 8) to base 5.
-242334
Convert -9af (base 16) to base 10.
-2479
What is 17000 (base 11) in base 6?
302530
Convert -23 (base 8) to base 11.
-18
-35161 (base 10) to base 3
-1210020021
What is -1100000011110 (base 2) in base 10?
-6174
Convert -1d (base 16) to base 10.
-29
Convert -1221 (base 4) to base 2.
-1101001
Convert 4142 (base 6) to base 16.
39e
-3308 (base 9) to base 3
-10100022
Convert 1012032 (base 4) to base 9.
6143
What is -1222 (base 11) in base 10?
-1597
Convert 336 (base 9) to base 12.
1b0
4cab (base 13) to base 11
8261
Convert 211122 (base 3) to base 4.
21203
2420 (base 10) to base 5
34140
30323 (base 7) to base 10
7367
What is 1e2 (base 15) in base 9?
535
What is -ad9 (base 14) in base 11?
-1686
1180 (base 16) to base 15
14da
What is -170 (base 12) in base 13?
-147
What is -bbb (base 14) in base 13?
-1097
100010000 (base 2) to base 14
156
What is 